{"id":8301,"date":"2020-09-16T12:33:25","date_gmt":"2020-09-16T10:33:25","guid":{"rendered":"https:\/\/www.jugendheimstaetten-duisburg.de\/?page_id=8301"},"modified":"2020-09-16T12:48:53","modified_gmt":"2020-09-16T10:48:53","slug":"segeln-sommer","status":"publish","type":"page","link":"https:\/\/www.jugendheimstaetten-duisburg.de\/?page_id=8301","title":{"rendered":"Segeln Sommer"},"content":{"rendered":"<p>Nach dem Fr\u00fchst\u00fcck fuhr die Crew mit Schiffsf\u00fchrer und zweitem Mann los, um zehn Tage im n\u00f6rdlichen Iijselmeer zu verbringen. Die Stimmung war ausgelassen und die Crew gespannt auf die bevorstehenden Abenteuer in den kommenden zehn Tagen auf See. Am fr\u00fchen Nachmittag erreichten wir Andijk und den Heimathafen der Ajas II. Nach einer kleinen St\u00e4rkung richtete sich die Crew ein und erkundete die Umgebung. Am fr\u00fchen Abend schlugen wir die Segel an, um am n\u00e4chsten Tag mit der ersten Tour starten zu k\u00f6nnen. Den Abend lie\u00dfen wir mit Backgammon, Musik h\u00f6ren und Gespr\u00e4chen ausklingen.<\/p>\n<p>Den zweiten Tag starteten wir nach dem Fr\u00fchst\u00fcck mit Knotenkunde und Leinewurf\u00fcbungen. Nach kurzer Sicherheitseinweisung legten wir ab Richtung Medemblik. Nach mehreren Man\u00f6ver\u00fcbungen und Gew\u00f6hnung der Crew an das Boot liefen wir nachmittags im Hafen von Medemblik ein. Die Crew konnte es kaum erwarten die Umgebung, besonders das Zentrum von Medemblik, zu erkunden. Der n\u00e4chste Tag verhie\u00df schon am Vorabend kein Segelwetter. Mit kaum Wind begann der Freitagmorgen und die Crew entschied sich f\u00fcr einen Strandbesuch, da die Temperaturen zum Baden perfekt waren. Also ab an den Strand und ins angenehme Nass! Freitagabend versuchte ein Teil der Crew sein Gl\u00fcck beim Angeln, w\u00e4hrend ein anderer den Streichelzoo von Medemblik besuchte.<\/p>\n<p><a href=\"https:\/\/www.jugendheimstaetten-duisburg.de\/wp-content\/uploads\/2020\/09\/1-2.jpg\"><img loading=\"lazy\" decoding=\"async\" class=\"aligncenter size-medium wp-image-8332\" src=\"https:\/\/www.jugendheimstaetten-duisburg.de\/wp-content\/uploads\/2020\/09\/1-2-300x200.jpg\" alt=\"\" width=\"300\" height=\"200\" srcset=\"https:\/\/www.jugendheimstaetten-duisburg.de\/wp-content\/uploads\/2020\/09\/1-2-300x200.jpg 300w, https:\/\/www.jugendheimstaetten-duisburg.de\/wp-content\/uploads\/2020\/09\/1-2.jpg 400w\" sizes=\"auto, (max-width: 300px) 100vw, 300px\" \/><\/a><\/p>\n<p>Auch das Wetter f\u00fcr Samstag war eher weniger segeltauglich. Somit entschied sich die Crew f\u00fcr einen Besuch beim Paal Sitten in und einem Besuch der Stadt Hoorn mit einem ca. zweist\u00fcndigen Besuch des Westfriesmuseum.<\/p>\n<p>Am Sonntag konnte es nun endlich weitergehen und zwar Richtung Stavoren. Die Jugendlichen durften abwechselnd ans Ruder. Dies war f\u00fcr erfahrenere Jungen leichter zu bew\u00e4ltigen als f\u00fcr die Segelneulinge. Die \u00dcberfahrt dorthin wurde zum Ende hin sehr \u201eschaukelig\u201c- damit musste sich die Crew erst einmal zurecht finden.<\/p>\n<p>Aufgrund der wechselhaften Wetterverh\u00e4ltnisse hie\u00df es erneut zwei Tage im Hafen bleiben, diesmal in Stavoren. Die Jungen nutzten die zwei Tage zum Sonnenbaden, Erkunden des kleinen Dorfes Stavoren und zum Schwimmen im Hafen.<\/p>\n<p><a href=\"https:\/\/www.jugendheimstaetten-duisburg.de\/wp-content\/uploads\/2020\/09\/7-1.jpg\"><img loading=\"lazy\" decoding=\"async\" class=\"aligncenter size-medium wp-image-8333\" src=\"https:\/\/www.jugendheimstaetten-duisburg.de\/wp-content\/uploads\/2020\/09\/7-1-300x200.jpg\" alt=\"\" width=\"300\" height=\"200\" srcset=\"https:\/\/www.jugendheimstaetten-duisburg.de\/wp-content\/uploads\/2020\/09\/7-1-300x200.jpg 300w, https:\/\/www.jugendheimstaetten-duisburg.de\/wp-content\/uploads\/2020\/09\/7-1.jpg 400w\" sizes=\"auto, (max-width: 300px) 100vw, 300px\" \/><\/a><\/p>\n<p>In Maakum verbrachte die Mannschaft auf Wunsch der Jugendlichen zwei Tage, Temperaturen um die 33 Grad animierten zum Baden, Sonnen und Ballspielen im Wasser. Die Hitze wurde zeitweise so unertr\u00e4glich, dass sie den ein oder anderen dazu animierte kreative L\u00f6sungen zu entwickeln.<\/p>\n<p>Am zweiten Abend fuhr ein Teil der Truppe mit der Seestern auf die Nordsee, um sich die Kegelrobben aus der N\u00e4he anzuschauen.<\/p>\n<p>Der R\u00fcckweg von Maakum nach Andijk erwies sich als entbehrlich und sehr anstrengend f\u00fcr die gesamte Crew. Es war 34 Grad hei\u00df und die Sonne brannte teilweise unertr\u00e4glich auf unsere H\u00e4upter. Die 1 Knoten Windst\u00e4rke schenkte uns auch keine Abk\u00fchlung. Nach 5 1\/2 Stunden endlich die Erl\u00f6sung. Wir ankerten vor Andijk und genossen das k\u00fchle Nass.<\/p>\n<p>Nach dem wir am letzten Tag das Boot gereinigt und f\u00fcr unsere Abfahrt am kommenden Samstag vorbereitet hatten, nutzten wir zun\u00e4chst den letzten Tag zum Baden in der Nordsee. Der Besuch am Strand war mit einem schattigen Pl\u00e4tzchen f\u00fcr alle gut zu ertragen. Abends beendeten wir die Ferienfreizeit mit einem traditionellen \u201eFritten essen\u201c und zus\u00e4tzlich zwei Partien Bowling.<\/p>\n\n<p><center><div id=\"metaslider-id-7257\" style=\"max-width: 400px;\" class=\"ml-slider-3-108-0 metaslider metaslider-flex metaslider-7257 ml-slider ms-theme-default nav-hidden\" role=\"region\" aria-label=\"2019 Segeln Sommer\" data-height=\"266\" data-width=\"400\">\n    <div id=\"metaslider_container_7257\">\n        <div id=\"metaslider_7257\">\n            <ul class='slides'>\n                <li style=\"display: block; width: 100%;\" class=\"slide-7267 ms-image \" aria-roledescription=\"slide\" data-date=\"2019-11-13 20:33:42\" data-filename=\"9.jpg\" data-slide-type=\"image\"><img loading=\"lazy\" decoding=\"async\" src=\"https:\/\/www.jugendheimstaetten-duisburg.de\/wp-content\/uploads\/2019\/11\/9.jpg\" height=\"266\" width=\"400\" alt=\"\" class=\"slider-7257 slide-7267 msDefaultImage\" title=\"9\" \/><\/li>\n                <li style=\"display: none; width: 100%;\" class=\"slide-7268 ms-image \" aria-roledescription=\"slide\" data-date=\"2019-11-13 20:33:42\" data-filename=\"1-1.jpg\" data-slide-type=\"image\"><img loading=\"lazy\" decoding=\"async\" src=\"https:\/\/www.jugendheimstaetten-duisburg.de\/wp-content\/uploads\/2019\/11\/1-1.jpg\" height=\"266\" width=\"400\" alt=\"\" class=\"slider-7257 slide-7268 msDefaultImage\" title=\"1\" \/><\/li>\n                <li style=\"display: none; width: 100%;\" class=\"slide-7269 ms-image \" aria-roledescription=\"slide\" data-date=\"2019-11-13 20:33:42\" data-filename=\"2-1.jpg\" data-slide-type=\"image\"><img loading=\"lazy\" decoding=\"async\" src=\"https:\/\/www.jugendheimstaetten-duisburg.de\/wp-content\/uploads\/2019\/11\/2-1.jpg\" height=\"266\" width=\"400\" alt=\"\" class=\"slider-7257 slide-7269 msDefaultImage\" title=\"2\" \/><\/li>\n                <li style=\"display: none; width: 100%;\" class=\"slide-7270 ms-image \" aria-roledescription=\"slide\" data-date=\"2019-11-13 20:33:42\" data-filename=\"3-1.jpg\" data-slide-type=\"image\"><img loading=\"lazy\" decoding=\"async\" src=\"https:\/\/www.jugendheimstaetten-duisburg.de\/wp-content\/uploads\/2019\/11\/3-1.jpg\" height=\"266\" width=\"400\" alt=\"\" class=\"slider-7257 slide-7270 msDefaultImage\" title=\"3\" \/><\/li>\n                <li style=\"display: none; width: 100%;\" class=\"slide-7271 ms-image \" aria-roledescription=\"slide\" data-date=\"2019-11-13 20:33:42\" data-filename=\"4-1.jpg\" data-slide-type=\"image\"><img loading=\"lazy\" decoding=\"async\" src=\"https:\/\/www.jugendheimstaetten-duisburg.de\/wp-content\/uploads\/2019\/11\/4-1.jpg\" height=\"266\" width=\"400\" alt=\"\" class=\"slider-7257 slide-7271 msDefaultImage\" title=\"4\" \/><\/li>\n                <li style=\"display: none; width: 100%;\" class=\"slide-7272 ms-image \" aria-roledescription=\"slide\" data-date=\"2019-11-13 20:33:42\" data-filename=\"5-1.jpg\" data-slide-type=\"image\"><img loading=\"lazy\" decoding=\"async\" src=\"https:\/\/www.jugendheimstaetten-duisburg.de\/wp-content\/uploads\/2019\/11\/5-1.jpg\" height=\"266\" width=\"400\" alt=\"\" class=\"slider-7257 slide-7272 msDefaultImage\" title=\"5\" \/><\/li>\n                <li style=\"display: none; width: 100%;\" class=\"slide-7273 ms-image \" aria-roledescription=\"slide\" data-date=\"2019-11-13 20:33:42\" data-filename=\"6-1.jpg\" data-slide-type=\"image\"><img loading=\"lazy\" decoding=\"async\" src=\"https:\/\/www.jugendheimstaetten-duisburg.de\/wp-content\/uploads\/2019\/11\/6-1.jpg\" height=\"266\" width=\"400\" alt=\"\" class=\"slider-7257 slide-7273 msDefaultImage\" title=\"6\" \/><\/li>\n                <li style=\"display: none; width: 100%;\" class=\"slide-7274 ms-image \" aria-roledescription=\"slide\" data-date=\"2019-11-13 20:33:42\" data-filename=\"7.jpg\" data-slide-type=\"image\"><img loading=\"lazy\" decoding=\"async\" src=\"https:\/\/www.jugendheimstaetten-duisburg.de\/wp-content\/uploads\/2019\/11\/7.jpg\" height=\"266\" width=\"400\" alt=\"\" class=\"slider-7257 slide-7274 msDefaultImage\" title=\"7\" \/><\/li>\n                <li style=\"display: none; width: 100%;\" class=\"slide-7275 ms-image \" aria-roledescription=\"slide\" data-date=\"2019-11-13 20:33:42\" data-filename=\"8.jpg\" data-slide-type=\"image\"><img loading=\"lazy\" decoding=\"async\" src=\"https:\/\/www.jugendheimstaetten-duisburg.de\/wp-content\/uploads\/2019\/11\/8.jpg\" height=\"266\" width=\"400\" alt=\"\" class=\"slider-7257 slide-7275 msDefaultImage\" title=\"8\" \/><\/li>\n            <\/ul>\n        <\/div>\n        \n    <\/div>\n<\/div><\/center><\/p>\n","protected":false},"excerpt":{"rendered":"<p>Nach dem Fr\u00fchst\u00fcck fuhr die Crew mit Schiffsf\u00fchrer und zweitem Mann los, um zehn Tage im n\u00f6rdlichen Iijselmeer zu verbringen. Die Stimmung war ausgelassen und die Crew gespannt auf die bevorstehenden Abenteuer in den kommenden zehn Tagen auf See. Am fr\u00fchen Nachmittag erreichten wir Andijk und den Heimathafen der Ajas II. Nach einer kleinen St\u00e4rkung &hellip; <\/p>\n<p class=\"link-more\"><a href=\"https:\/\/www.jugendheimstaetten-duisburg.de\/?page_id=8301\" class=\"more-link\"><span class=\"screen-reader-text\">\u201eSegeln Sommer\u201c <\/span>weiterlesen<\/a><\/p>\n","protected":false},"author":5,"featured_media":8331,"parent":0,"menu_order":0,"comment_status":"closed","ping_status":"closed","template":"","meta":{"footnotes":""},"class_list":["post-8301","page","type-page","status-publish","has-post-thumbnail","hentry"],"aioseo_notices":[],"_links":{"self":[{"href":"https:\/\/www.jugendheimstaetten-duisburg.de\/index.php?rest_route=\/wp\/v2\/pages\/8301","targetHints":{"allow":["GET"]}}],"collection":[{"href":"https:\/\/www.jugendheimstaetten-duisburg.de\/index.php?rest_route=\/wp\/v2\/pages"}],"about":[{"href":"https:\/\/www.jugendheimstaetten-duisburg.de\/index.php?rest_route=\/wp\/v2\/types\/page"}],"author":[{"embeddable":true,"href":"https:\/\/www.jugendheimstaetten-duisburg.de\/index.php?rest_route=\/wp\/v2\/users\/5"}],"replies":[{"embeddable":true,"href":"https:\/\/www.jugendheimstaetten-duisburg.de\/index.php?rest_route=%2Fwp%2Fv2%2Fcomments&post=8301"}],"version-history":[{"count":3,"href":"https:\/\/www.jugendheimstaetten-duisburg.de\/index.php?rest_route=\/wp\/v2\/pages\/8301\/revisions"}],"predecessor-version":[{"id":8334,"href":"https:\/\/www.jugendheimstaetten-duisburg.de\/index.php?rest_route=\/wp\/v2\/pages\/8301\/revisions\/8334"}],"wp:featuredmedia":[{"embeddable":true,"href":"https:\/\/www.jugendheimstaetten-duisburg.de\/index.php?rest_route=\/wp\/v2\/media\/8331"}],"wp:attachment":[{"href":"https:\/\/www.jugendheimstaetten-duisburg.de\/index.php?rest_route=%2Fwp%2Fv2%2Fmedia&parent=8301"}],"curies":[{"name":"wp","href":"https:\/\/api.w.org\/{rel}","templated":true}]}}