{"id":8311,"date":"2020-09-16T12:34:46","date_gmt":"2020-09-16T10:34:46","guid":{"rendered":"https:\/\/www.jugendheimstaetten-duisburg.de\/?page_id=8311"},"modified":"2020-09-30T09:36:57","modified_gmt":"2020-09-30T07:36:57","slug":"segeln-auf-dem-ijsselmeer","status":"publish","type":"page","link":"https:\/\/www.jugendheimstaetten-duisburg.de\/?page_id=8311","title":{"rendered":"Segeln auf dem Ijsselmeer"},"content":{"rendered":"<p>Am 04.08.2019 machten sich f\u00fcnf Jungen aus der AWG Watereck gemeinsam mit zwei P\u00e4dagogen auf zum Segeln ans Ijsselmeer. Das Wetter war in den ersten zwei Tagen noch richtig sch\u00f6n mit blauem Himmel und Sonnenschein, sodass wir gen\u00fcgend Zeit hatten, erste Segelbegriffe zu erlernen, ein paar kleinere Segel\u00fcbungen zu machen und das Boot kennenzulernen. Die Wettervorhersage meinte es allerdings nicht sehr gut mit uns und schon am dritten Tag frischte der Wind merklich auf und bescherte uns eine ziemlich ungem\u00fctliche \u00dcberfahrt von Medemblik nach Hindelopen. Da f\u00fcr die folgenden Tage Windst\u00e4rke 8 und 9 angesagt war, entschieden wir, schon am n\u00e4chsten Tag wieder Richtung Heimathafen zur\u00fcckzufahren. Dabei erlebten wir einen ziemlich nassen, aber sehr spa\u00dfigen Wellenritt.<\/p>\n<p><a href=\"https:\/\/www.jugendheimstaetten-duisburg.de\/wp-content\/uploads\/2020\/09\/P1050175.jpg\"><img loading=\"lazy\" decoding=\"async\" class=\"aligncenter size-medium wp-image-8355\" src=\"https:\/\/www.jugendheimstaetten-duisburg.de\/wp-content\/uploads\/2020\/09\/P1050175-300x200.jpg\" alt=\"\" width=\"300\" height=\"200\" srcset=\"https:\/\/www.jugendheimstaetten-duisburg.de\/wp-content\/uploads\/2020\/09\/P1050175-300x200.jpg 300w, https:\/\/www.jugendheimstaetten-duisburg.de\/wp-content\/uploads\/2020\/09\/P1050175.jpg 400w\" sizes=\"auto, (max-width: 300px) 100vw, 300px\" \/><\/a><\/p>\n<p>Die n\u00e4chsten zwei N\u00e4chte verbrachten wir in Medemblik, gingen dort schwimmen, besuchten den Streichelzoo, spielten Karten und besuchten das Stadtfest. Zum Wochenende fuhren wir bei ordentlichem Wellengang sowie Regen und Wind von Medemblik nach Andijk, wo wir die letzten Tage auf Grund des schlechten Wetters festsa\u00dfen. Mit zwei Ausfl\u00fcgen nach Enkuizen und Horn machten wir dennoch das Beste daraus. Am vorletzten Tag begannen wir schon einmal damit, das Deck zu schrubben und kleinere Aufr\u00e4umarbeiten zu machen. Der letzte Tag war fast vollst\u00e4ndig der Reinigung des Bootes gewidmet, wobei aber alle gut mithalfen. Wir lie\u00dfen den Abend mit einem Imbissbesuch und einer Runde Bowling ausklingen.<\/p>\n<p>Alle hatten trotz des schlechten Wetters und des wenigen Segelns viel Spa\u00df auf der Fahrt und freuen sich schon auf das n\u00e4chste Jahr!<\/p>\n\n<p><center><div id=\"metaslider-id-7147\" style=\"max-width: 400px;\" class=\"ml-slider-3-108-0 metaslider metaslider-flex metaslider-7147 ml-slider ms-theme-default nav-hidden\" role=\"region\" aria-label=\"2019 Segeln\" data-height=\"266\" data-width=\"400\">\n    <div id=\"metaslider_container_7147\">\n        <div id=\"metaslider_7147\">\n            <ul class='slides'>\n                <li style=\"display: block; width: 100%;\" class=\"slide-7163 ms-image \" aria-roledescription=\"slide\" data-date=\"2019-10-14 11:38:48\" data-filename=\"IMG_20190811_175128.jpg\" data-slide-type=\"image\"><img loading=\"lazy\" decoding=\"async\" src=\"https:\/\/www.jugendheimstaetten-duisburg.de\/wp-content\/uploads\/2019\/10\/IMG_20190811_175128.jpg\" height=\"266\" width=\"400\" alt=\"\" class=\"slider-7147 slide-7163 msDefaultImage\" title=\"IMG_20190811_175128\" \/><\/li>\n                <li style=\"display: none; width: 100%;\" class=\"slide-7164 ms-image \" aria-roledescription=\"slide\" data-date=\"2019-10-14 11:38:48\" data-filename=\"IMG_20190812_122251.jpg\" data-slide-type=\"image\"><img loading=\"lazy\" decoding=\"async\" src=\"https:\/\/www.jugendheimstaetten-duisburg.de\/wp-content\/uploads\/2019\/10\/IMG_20190812_122251.jpg\" height=\"266\" width=\"400\" alt=\"\" class=\"slider-7147 slide-7164 msDefaultImage\" title=\"IMG_20190812_122251\" \/><\/li>\n                <li style=\"display: none; width: 100%;\" class=\"slide-7165 ms-image \" aria-roledescription=\"slide\" data-date=\"2019-10-14 11:38:48\" data-filename=\"IMG_20190812_194827.jpg\" data-slide-type=\"image\"><img loading=\"lazy\" decoding=\"async\" src=\"https:\/\/www.jugendheimstaetten-duisburg.de\/wp-content\/uploads\/2019\/10\/IMG_20190812_194827.jpg\" height=\"266\" width=\"400\" alt=\"\" class=\"slider-7147 slide-7165 msDefaultImage\" title=\"IMG_20190812_194827\" \/><\/li>\n                <li style=\"display: none; width: 100%;\" class=\"slide-7166 ms-image \" aria-roledescription=\"slide\" data-date=\"2019-10-14 11:38:48\" data-filename=\"IMG_20190812_194833.jpg\" data-slide-type=\"image\"><img loading=\"lazy\" decoding=\"async\" src=\"https:\/\/www.jugendheimstaetten-duisburg.de\/wp-content\/uploads\/2019\/10\/IMG_20190812_194833.jpg\" height=\"266\" width=\"400\" alt=\"\" class=\"slider-7147 slide-7166 msDefaultImage\" title=\"IMG_20190812_194833\" \/><\/li>\n                <li style=\"display: none; width: 100%;\" class=\"slide-7167 ms-image \" aria-roledescription=\"slide\" data-date=\"2019-10-14 11:38:48\" data-filename=\"P1050173.jpg\" data-slide-type=\"image\"><img loading=\"lazy\" decoding=\"async\" src=\"https:\/\/www.jugendheimstaetten-duisburg.de\/wp-content\/uploads\/2019\/10\/P1050173.jpg\" height=\"266\" width=\"400\" alt=\"\" class=\"slider-7147 slide-7167 msDefaultImage\" title=\"P1050173\" \/><\/li>\n                <li style=\"display: none; width: 100%;\" class=\"slide-7168 ms-image \" aria-roledescription=\"slide\" data-date=\"2019-10-14 11:38:48\" data-filename=\"P1050175.jpg\" data-slide-type=\"image\"><img loading=\"lazy\" decoding=\"async\" src=\"https:\/\/www.jugendheimstaetten-duisburg.de\/wp-content\/uploads\/2019\/10\/P1050175.jpg\" height=\"266\" width=\"400\" alt=\"\" class=\"slider-7147 slide-7168 msDefaultImage\" title=\"P1050175\" \/><\/li>\n                <li style=\"display: none; width: 100%;\" class=\"slide-7169 ms-image \" aria-roledescription=\"slide\" data-date=\"2019-10-14 11:38:49\" data-filename=\"P1050181.jpg\" data-slide-type=\"image\"><img loading=\"lazy\" decoding=\"async\" src=\"https:\/\/www.jugendheimstaetten-duisburg.de\/wp-content\/uploads\/2019\/10\/P1050181.jpg\" height=\"266\" width=\"400\" alt=\"\" class=\"slider-7147 slide-7169 msDefaultImage\" title=\"P1050181\" \/><\/li>\n                <li style=\"display: none; width: 100%;\" class=\"slide-7170 ms-image \" aria-roledescription=\"slide\" data-date=\"2019-10-14 11:38:49\" data-filename=\"P1050187.jpg\" data-slide-type=\"image\"><img loading=\"lazy\" decoding=\"async\" src=\"https:\/\/www.jugendheimstaetten-duisburg.de\/wp-content\/uploads\/2019\/10\/P1050187.jpg\" height=\"266\" width=\"400\" alt=\"\" class=\"slider-7147 slide-7170 msDefaultImage\" title=\"P1050187\" \/><\/li>\n                <li style=\"display: none; width: 100%;\" class=\"slide-7171 ms-image \" aria-roledescription=\"slide\" data-date=\"2019-10-14 11:38:49\" data-filename=\"P1050188.jpg\" data-slide-type=\"image\"><img loading=\"lazy\" decoding=\"async\" src=\"https:\/\/www.jugendheimstaetten-duisburg.de\/wp-content\/uploads\/2019\/10\/P1050188.jpg\" height=\"266\" width=\"400\" alt=\"\" class=\"slider-7147 slide-7171 msDefaultImage\" title=\"P1050188\" \/><\/li>\n                <li style=\"display: none; width: 100%;\" class=\"slide-7172 ms-image \" aria-roledescription=\"slide\" data-date=\"2019-10-14 11:38:49\" data-filename=\"P1050199.jpg\" data-slide-type=\"image\"><img loading=\"lazy\" decoding=\"async\" src=\"https:\/\/www.jugendheimstaetten-duisburg.de\/wp-content\/uploads\/2019\/10\/P1050199.jpg\" height=\"266\" width=\"400\" alt=\"\" class=\"slider-7147 slide-7172 msDefaultImage\" title=\"P1050199\" \/><\/li>\n                <li style=\"display: none; width: 100%;\" class=\"slide-7173 ms-image \" aria-roledescription=\"slide\" data-date=\"2019-10-14 11:38:49\" data-filename=\"P1050207.jpg\" data-slide-type=\"image\"><img loading=\"lazy\" decoding=\"async\" src=\"https:\/\/www.jugendheimstaetten-duisburg.de\/wp-content\/uploads\/2019\/10\/P1050207.jpg\" height=\"266\" width=\"400\" alt=\"\" class=\"slider-7147 slide-7173 msDefaultImage\" title=\"P1050207\" \/><\/li>\n                <li style=\"display: none; width: 100%;\" class=\"slide-7174 ms-image \" aria-roledescription=\"slide\" data-date=\"2019-10-14 11:38:49\" data-filename=\"P1050215.jpg\" data-slide-type=\"image\"><img loading=\"lazy\" decoding=\"async\" src=\"https:\/\/www.jugendheimstaetten-duisburg.de\/wp-content\/uploads\/2019\/10\/P1050215.jpg\" height=\"266\" width=\"400\" alt=\"\" class=\"slider-7147 slide-7174 msDefaultImage\" title=\"P1050215\" \/><\/li>\n                <li style=\"display: none; width: 100%;\" class=\"slide-7175 ms-image \" aria-roledescription=\"slide\" data-date=\"2019-10-14 11:38:49\" data-filename=\"P1050228.jpg\" data-slide-type=\"image\"><img loading=\"lazy\" decoding=\"async\" src=\"https:\/\/www.jugendheimstaetten-duisburg.de\/wp-content\/uploads\/2019\/10\/P1050228.jpg\" height=\"266\" width=\"400\" alt=\"\" class=\"slider-7147 slide-7175 msDefaultImage\" title=\"P1050228\" \/><\/li>\n                <li style=\"display: none; width: 100%;\" class=\"slide-7176 ms-image \" aria-roledescription=\"slide\" data-date=\"2019-10-14 11:38:49\" data-filename=\"P1050232.jpg\" data-slide-type=\"image\"><img loading=\"lazy\" decoding=\"async\" src=\"https:\/\/www.jugendheimstaetten-duisburg.de\/wp-content\/uploads\/2019\/10\/P1050232.jpg\" height=\"266\" width=\"400\" alt=\"\" class=\"slider-7147 slide-7176 msDefaultImage\" title=\"P1050232\" \/><\/li>\n                <li style=\"display: none; width: 100%;\" class=\"slide-7177 ms-image \" aria-roledescription=\"slide\" data-date=\"2019-10-14 11:38:49\" data-filename=\"P1050248.jpg\" data-slide-type=\"image\"><img loading=\"lazy\" decoding=\"async\" src=\"https:\/\/www.jugendheimstaetten-duisburg.de\/wp-content\/uploads\/2019\/10\/P1050248.jpg\" height=\"266\" width=\"400\" alt=\"\" class=\"slider-7147 slide-7177 msDefaultImage\" title=\"P1050248\" \/><\/li>\n            <\/ul>\n        <\/div>\n        \n    <\/div>\n<\/div><\/center><\/p>\n","protected":false},"excerpt":{"rendered":"<p>Am 04.08.2019 machten sich f\u00fcnf Jungen aus der AWG Watereck gemeinsam mit zwei P\u00e4dagogen auf zum Segeln ans Ijsselmeer. Das Wetter war in den ersten zwei Tagen noch richtig sch\u00f6n mit blauem Himmel und Sonnenschein, sodass wir gen\u00fcgend Zeit hatten, erste Segelbegriffe zu erlernen, ein paar kleinere Segel\u00fcbungen zu machen und das Boot kennenzulernen. Die &hellip; <\/p>\n<p class=\"link-more\"><a href=\"https:\/\/www.jugendheimstaetten-duisburg.de\/?page_id=8311\" class=\"more-link\"><span class=\"screen-reader-text\">\u201eSegeln auf dem Ijsselmeer\u201c <\/span>weiterlesen<\/a><\/p>\n","protected":false},"author":5,"featured_media":8353,"parent":0,"menu_order":0,"comment_status":"closed","ping_status":"closed","template":"","meta":{"footnotes":""},"class_list":["post-8311","page","type-page","status-publish","has-post-thumbnail","hentry"],"aioseo_notices":[],"_links":{"self":[{"href":"https:\/\/www.jugendheimstaetten-duisburg.de\/index.php?rest_route=\/wp\/v2\/pages\/8311","targetHints":{"allow":["GET"]}}],"collection":[{"href":"https:\/\/www.jugendheimstaetten-duisburg.de\/index.php?rest_route=\/wp\/v2\/pages"}],"about":[{"href":"https:\/\/www.jugendheimstaetten-duisburg.de\/index.php?rest_route=\/wp\/v2\/types\/page"}],"author":[{"embeddable":true,"href":"https:\/\/www.jugendheimstaetten-duisburg.de\/index.php?rest_route=\/wp\/v2\/users\/5"}],"replies":[{"embeddable":true,"href":"https:\/\/www.jugendheimstaetten-duisburg.de\/index.php?rest_route=%2Fwp%2Fv2%2Fcomments&post=8311"}],"version-history":[{"count":6,"href":"https:\/\/www.jugendheimstaetten-duisburg.de\/index.php?rest_route=\/wp\/v2\/pages\/8311\/revisions"}],"predecessor-version":[{"id":8418,"href":"https:\/\/www.jugendheimstaetten-duisburg.de\/index.php?rest_route=\/wp\/v2\/pages\/8311\/revisions\/8418"}],"wp:featuredmedia":[{"embeddable":true,"href":"https:\/\/www.jugendheimstaetten-duisburg.de\/index.php?rest_route=\/wp\/v2\/media\/8353"}],"wp:attachment":[{"href":"https:\/\/www.jugendheimstaetten-duisburg.de\/index.php?rest_route=%2Fwp%2Fv2%2Fmedia&parent=8311"}],"curies":[{"name":"wp","href":"https:\/\/api.w.org\/{rel}","templated":true}]}}