{"id":8636,"date":"2021-07-23T18:00:14","date_gmt":"2021-07-23T16:00:14","guid":{"rendered":"https:\/\/www.jugendheimstaetten-duisburg.de\/?page_id=8636"},"modified":"2021-07-23T18:09:17","modified_gmt":"2021-07-23T16:09:17","slug":"endlich-wieder-nach-lieberhausen","status":"publish","type":"page","link":"https:\/\/www.jugendheimstaetten-duisburg.de\/?page_id=8636","title":{"rendered":"Endlich wieder nach Lieberhausen"},"content":{"rendered":"\n<p>Voller Vorfreude ging es los. Raus aus Duisburg. Seit nunmehr einem Jahr waren wir schon nicht mehr in Lieberhausen. Diese Fahrt stand f\u00fcr Abschied. Abschied von einem Jahr der Pandemie. Abschied von dem \u201eLagerkoller\u201c in Duisburg. Einen ganz besonderen Abschied f\u00fcr einen Fahrtenteilnehmer, der uns Ende dieses Jahres verlassen wird und ein letztes Mal einfach nur Lieberhausen genie\u00dfen will, um dann in einen neuen Lebensabschnitt zu gleiten.<\/p>\n\n\n\n<p>Vorher wurden noch Corona-Tests bei allen Teilnehmern*innen durchgef\u00fchrt: kein positives Ergebnis. Die Sorge nicht mitfahren zu d\u00fcrfen, wiegte im Vorhinein schwer. Umso gr\u00f6\u00dfer war die Freude w\u00e4hrend der Fahrt.&nbsp;<\/p>\n\n\n\n<p>Die Fahrt war von Beginn an eine Fahrt zum Runterkommen. Mit kleinen Zielspielen vergn\u00fcgten wir uns bis wir in Lieberhausen ankomen. Dort gab es f\u00fcr jeden kleine Auftr\u00e4ge am Haus.<\/p>\n\n\n\n<p>Die Tage begannen wir sp\u00e4testens um 11:00 Uhr. Geweckt wurden alle mit dem Lied \u201eMorgens bin ich immer m\u00fcde\u201c, welches zu guter Laune f\u00fchrte. Die Tagesplanungen waren spontan und vom Wetter abh\u00e4ngig. Das Fu\u00dfballspielen durfte nat\u00fcrlich nicht fehlen.<\/p>\n\n\n\n<p>Da wir von unseren Hausmeistern einen alten Gasgrill f\u00fcr Lieberhausen geschenkt bekommen hatten, musste dieser auch eingeweiht werden. In der Woche gab es nur einen sonnigen Tag an dem wir den Gasgrill testen konnten. So viel sei gesagt: es war ein Traum.<\/p>\n\n\n\n<p>Eine Besonderheit dieser Fahrt war die Gemeinschaft der Teilnehmer*innen. Ein P\u00e4dagoge wollte seine neue Kletterausr\u00fcstung testen. Da an diesem Tag aber auch Badewetter war, lie\u00dfen wir den Teilnehmer*innen die Wahl. Kurz um: \u201eWir sind eine Gruppe, wir kommen alle mit!\u201c &nbsp;&nbsp;&nbsp;&nbsp;&nbsp;&nbsp;<\/p>\n\n\n\n[ngg src=&#8220;galleries&#8220; ids=&#8220;97&#8243; display=&#8220;basic_slideshow&#8220;]\n\n\n\n<p>Am Kletterfelsen angekommen schnappten wir uns die Ausr\u00fcstung und machten uns auf, den Felsen zu erklimmen. Dabei war die Sicherheit das h\u00f6chste Gebot. Wie lege ich einen Klettergurt ordentlich an? Der Helm macht zwar keine gute Figur und ist f\u00fcr ein Foto f\u00fcr Instagram nicht perfekt, aber sicher ist ein Helm allemal.<\/p>\n\n\n\n<p>Auf geht\u2019s. An der steilen Felswand wurde dann klar, wer sich selbst genug vertraut und seine H\u00f6henangst \u00fcberwinden kann. Ein Abbruch wurde von der Gruppe nicht als Schw\u00e4che empfunden, eher halfen die Teilnehmer*innen sich mit positiven Zurufen und Hilfestellung. Nebenan waren drei Niederl\u00e4nder*innen, die den Kids applaudierten, weil sie sahen, wie die Kids ihre \u00c4ngste \u00fcberwanden und heil wieder unten ankamen.&nbsp;<\/p>\n\n\n\n<p>Das Highlight aber war die Einladung des Sportsch\u00fctzenvereins von Lieberhausen. Da wir nicht nur mit Pfeil und Bogen im Garten schie\u00dfen, sondern eine alte Aktion in Lieberhausen, mit einem Luftgewehr zu schie\u00dfen, aufleben lassen wollten, wurden wir von einer Nachbarin dazu eingeladen. Um 19:00 Uhr wurden wir abgeholt. Um vorzugreifen: es war einfach ein super Tag mit dem Erlebnis auf einem Schie\u00dfstand des Sportsch\u00fctzenvereins von Lieberhausen schie\u00dfen zu d\u00fcrfen. Alle bekamen eine Einweisung und schossen anderthalb Stunden mit professionellen Gewehren und Pistolen, die bei Meisterschaften genutzt werden. Die ortsans\u00e4ssigen Sch\u00fctzen waren positiv erstaunt, wie gut die Kids schie\u00dfen konnten. Keiner traf neben die Sch\u00fctzenscheibe. Keiner der Kids benahm sich wie \u201eRambo\u201c. Alle konzentrierten sich und benahmen sich, wie Sportsch\u00fctzen es machen, professionell.<\/p>\n\n\n\n<p>Was eine tolle und angenehme Fahrt! Es war ein sehr sch\u00f6ner Urlaub. F\u00fcr zwei Jungs hie\u00df es aber auch: \u201eMist am Montag wieder arbeiten.\u201c Kurz um, wir mussten leider zur\u00fcck nach Duisburg. Vorerst. Da drei Jungs sich auch f\u00fcr die zweite Fahrt in der dritten Ferienwoche nach Lieberhausen angemeldet haben, freuten wir uns schon auf das Wiederkommen. Einige Dinge lie\u00dfen wir deshalb vor Ort. Das Reinigen ging auch z\u00fcgig, jedoch nicht oberfl\u00e4chlich. Vor der R\u00fcckfahrt noch schnell einen Corona-Test. Als dieser bei allen negativ war, fuhren wir gut gelaunt zur\u00fcck. Auf das die eine Woche bis zur n\u00e4chsten Fahrt schnell vor\u00fcbergeht!<\/p>\n","protected":false},"excerpt":{"rendered":"<p>Voller Vorfreude ging es los. Raus aus Duisburg. Seit nunmehr einem Jahr waren wir schon nicht mehr in Lieberhausen. Diese Fahrt stand f\u00fcr Abschied. Abschied von einem Jahr der Pandemie. Abschied von dem \u201eLagerkoller\u201c in Duisburg. Einen ganz besonderen Abschied f\u00fcr einen Fahrtenteilnehmer, der uns Ende dieses Jahres verlassen wird und ein letztes Mal einfach &hellip; <\/p>\n<p class=\"link-more\"><a href=\"https:\/\/www.jugendheimstaetten-duisburg.de\/?page_id=8636\" class=\"more-link\"><span class=\"screen-reader-text\">\u201eEndlich wieder nach Lieberhausen\u201c <\/span>weiterlesen<\/a><\/p>\n","protected":false},"author":5,"featured_media":8638,"parent":0,"menu_order":0,"comment_status":"closed","ping_status":"closed","template":"","meta":{"footnotes":""},"class_list":["post-8636","page","type-page","status-publish","has-post-thumbnail","hentry"],"aioseo_notices":[],"_links":{"self":[{"href":"https:\/\/www.jugendheimstaetten-duisburg.de\/index.php?rest_route=\/wp\/v2\/pages\/8636","targetHints":{"allow":["GET"]}}],"collection":[{"href":"https:\/\/www.jugendheimstaetten-duisburg.de\/index.php?rest_route=\/wp\/v2\/pages"}],"about":[{"href":"https:\/\/www.jugendheimstaetten-duisburg.de\/index.php?rest_route=\/wp\/v2\/types\/page"}],"author":[{"embeddable":true,"href":"https:\/\/www.jugendheimstaetten-duisburg.de\/index.php?rest_route=\/wp\/v2\/users\/5"}],"replies":[{"embeddable":true,"href":"https:\/\/www.jugendheimstaetten-duisburg.de\/index.php?rest_route=%2Fwp%2Fv2%2Fcomments&post=8636"}],"version-history":[{"count":7,"href":"https:\/\/www.jugendheimstaetten-duisburg.de\/index.php?rest_route=\/wp\/v2\/pages\/8636\/revisions"}],"predecessor-version":[{"id":8653,"href":"https:\/\/www.jugendheimstaetten-duisburg.de\/index.php?rest_route=\/wp\/v2\/pages\/8636\/revisions\/8653"}],"wp:featuredmedia":[{"embeddable":true,"href":"https:\/\/www.jugendheimstaetten-duisburg.de\/index.php?rest_route=\/wp\/v2\/media\/8638"}],"wp:attachment":[{"href":"https:\/\/www.jugendheimstaetten-duisburg.de\/index.php?rest_route=%2Fwp%2Fv2%2Fmedia&parent=8636"}],"curies":[{"name":"wp","href":"https:\/\/api.w.org\/{rel}","templated":true}]}}